{"id":36,"date":"2026-09-01T00:17:28","date_gmt":"2026-08-31T22:17:28","guid":{"rendered":"https:\/\/scena.regina-ai.net\/blog\/?page_id=36"},"modified":"2026-09-01T00:17:28","modified_gmt":"2026-08-31T22:17:28","slug":"nuestro-padre-jesus-de-la-fe","status":"publish","type":"page","link":"https:\/\/scena.regina-ai.net\/blog\/nuestro-padre-jesus-de-la-fe\/","title":{"rendered":"Nuestro Padre Jes\u00fas de la Fe"},"content":{"rendered":"<p align=\"justify\"><img loading=\"lazy\" decoding=\"async\" class=\"alignleft size-medium wp-image-37\" src=\"https:\/\/scena.regina-ai.net\/blog\/wp-content\/uploads\/2026\/09\/SC7-229x300-1.jpg\" alt=\"SC7\" width=\"229\" height=\"300\">A finales de 1985 se presenta el proyecto elaborado por el artista pontan\u00e9s Francisco Palos Chaparro, en el que se incluyen dibujos de frente, de perfil y de cuerpo entero. La imagen ser\u00e1 realizada en madera de cedro, siendo una figura de talla para vestir que representa el momento en el que Jes\u00fas bendice el vino: \u201cTomad y bebed todos de \u00c9l, esta es mi sangre\u2026\u201d, raz\u00f3n por la cual aparece portando un c\u00e1liz en su mano derecha. El 11 de abril de 1987, s\u00e1bado de pasi\u00f3n, tendr\u00e1 lugar la bendici\u00f3n de la imagen de Nuestro Padre Jes\u00fas de la Fe, durante la celebraci\u00f3n de la primera funci\u00f3n solemne celebrada en su honor.<\/p>\n<p>El acto estar\u00e1 presidido por el Obispo de la Di\u00f3cesis monse\u00f1or Infantes Florido, actuando como padrinos los Hermanos de la Cruz Blanca y el Consejo Diocesano de la Adoraci\u00f3n Nocturna. Esta organizaci\u00f3n aprovechara el acto para imponer la medalla de Primera Adoradora a Mar\u00eda Sant\u00edsima de la Esperanza del Valle, distinci\u00f3n que le hab\u00eda concedido el Consejo Nacional de la Adoraci\u00f3n Nocturna pues, como ha quedado apuntado, nuestra Hermandad nace del seno de un grupo de miembros de este movimiento seglar, siendo la primera corporaci\u00f3n penitencial de C\u00f3rdoba que cont\u00f3 con turno propio.<\/p>\n<p align=\"justify\">En la actualidad, esta imagen se encuentra cedida a la Parroquia de Nuestra Se\u00f1ora de la Encarnaci\u00f3n de Santa Eufemia (C\u00f3rdoba), seg\u00fan acuerdo del Cabildo General de Hermanos de car\u00e1cter Extraordinario, celebrado el d\u00eda dos de diciembre de 2.001. El 10 de febrero de 2.002 ten\u00eda lugar el acto de entrega de la imagen, siendo recibida con vivas muestras de alegr\u00eda por esta poblaci\u00f3n serrana.<\/p>\n<p align=\"justify\"><img loading=\"lazy\" decoding=\"async\" class=\"alignright size-medium wp-image-38\" src=\"https:\/\/scena.regina-ai.net\/blog\/wp-content\/uploads\/2026\/09\/SC8-243x300-1.jpg\" alt=\"SC8\" width=\"243\" height=\"300\">Han pasado nueve a\u00f1os desde la fundaci\u00f3n y cinco desde la incorporaci\u00f3n de la imagen de Nuestro Padre Jes\u00fas de la Fe al incipiente patrimonio de la Hermandad. En estos momentos es hermano mayor Antonio Prieto Cid, y la Junta de Gobierno va a dar un giro copernicano a la cuesti\u00f3n del misterio de la Cena. Al no ser posible seguir contando con el concurso de Palos Chaparro, se contrata el 23 de mayo de 1992 se celebra un cabildo extraordinario en el que se decide buscar un nuevo imaginero que acepte el encargo del apostolado, recayendo la elecci\u00f3n en el joven artista cordob\u00e9s Miguel \u00c1ngel Gonz\u00e1lez Jurado. Al conocer lo que pretend\u00edan los hermanos, el escultor les plante\u00f3 la conveniencia de que fuese un proyecto global, en el que se incluyesen los ap\u00f3stoles y Cristo para que la unidad de acci\u00f3n y la carga dram\u00e1tica necesarias en la concepci\u00f3n de un paso de misterio se pudieran lograr con las m\u00e1ximas garant\u00edas. El artista present\u00f3 a la hermandad varios bocetos y dibujos que resultaron muy satisfactorios. En junta general extraordinaria de 14 de junio de 1992 se acord\u00f3 encargar al imaginero la ejecuci\u00f3n de todo el grupo, incluida la figura del Se\u00f1or. La nueva imagen ser\u00e1 bendecida el 24 de abril de 1993 en ceremonia concelebrada por don Miguel Castillejo, don Santiago G\u00f3mez, nuevo p\u00e1rroco de la Trinidad, y fray Ricardo de C\u00f3rdoba, hermano fundador de nuestra Hermandad. Como homenaje a monse\u00f1or don Antonio G\u00f3mez Aguilar, quien hab\u00eda fallecido unos meses antes, el c\u00e1liz que Cristo porta en sus manos es una reproducci\u00f3n del que usaba el querido y llorado Don Antonio.<\/p>\n<p><img loading=\"lazy\" decoding=\"async\" class=\"alignleft size-medium wp-image-36\" src=\"https:\/\/scena.regina-ai.net\/blog\/wp-content\/uploads\/2026\/09\/15-225x300-1.jpg\" alt=\"15\" width=\"225\" height=\"300\">La imagen de Nuestro Padre Jes\u00fas de la Fe es una talla de vestir, esculpida de cuerpo completo, realizada en madera de cedro. Representa el momento en el que Cristo, puesto de pie sostiene el c\u00e1liz con ambas manos en el momento de convertir el vino en su preciosa sangre. Para resaltar la trascendencia y el dramatismo del instante, la imagen dirige la mirada hacia el frente, con el entrecejo levemente fruncido y la boca entreabierta. La barba, bien trabajada y el cabello, partido al medio y cayendo por la espalda, constituyen algunos de los rasgos m\u00e1s significativos de esta hermosa imagen, que ponen de manifiesto la calidad de su autor. Como afirma Mar\u00eda Dolores D\u00edaz Vaquero \u00abTanto en \u00e9sta como en otras representaciones de Cristo, salidas de las gubias de este maestro, se aprecia el conocimiento que tiene de los grandes imagineros del seiscientos, pero adobado con sus propias caracter\u00edsticas, singularmente la elegancia, la serenidad y la capacidad expresiva\u00bb . La imagen viste t\u00fanica de color marfil ajustada a la cintura por un grueso cord\u00f3n de hilo de oro y mantol\u00edn de terciopelo color burdeos. Luce potencias de plata dorada, con ancha cartela de aires barrocos en la base y rayos biselados y torneados desiguales y alternantes; como ya ha quedado apuntado, el c\u00e1liz que lleva el Cristo es una reproducci\u00f3n del que perteneci\u00f3 al p\u00e1rroco y gran impulsor de la Hermandad don Antonio G\u00f3mez Aguilar.<\/p>\n","protected":false},"excerpt":{"rendered":"<p>A finales de 1985 se presenta el proyecto elaborado por el artista pontan\u00e9s Francisco Palos Chaparro, en el que se incluyen dibujos de frente, de perfil y de cuerpo entero. &#8230;<\/p>\n","protected":false},"author":0,"featured_media":37,"parent":0,"menu_order":0,"comment_status":"closed","ping_status":"closed","template":"","meta":{"footnotes":""},"class_list":["post-36","page","type-page","status-publish","has-post-thumbnail","hentry"],"_links":{"self":[{"href":"https:\/\/scena.regina-ai.net\/blog\/wp-json\/wp\/v2\/pages\/36","targetHints":{"allow":["GET"]}}],"collection":[{"href":"https:\/\/scena.regina-ai.net\/blog\/wp-json\/wp\/v2\/pages"}],"about":[{"href":"https:\/\/scena.regina-ai.net\/blog\/wp-json\/wp\/v2\/types\/page"}],"replies":[{"embeddable":true,"href":"https:\/\/scena.regina-ai.net\/blog\/wp-json\/wp\/v2\/comments?post=36"}],"version-history":[{"count":3,"href":"https:\/\/scena.regina-ai.net\/blog\/wp-json\/wp\/v2\/pages\/36\/revisions"}],"predecessor-version":[{"id":64,"href":"https:\/\/scena.regina-ai.net\/blog\/wp-json\/wp\/v2\/pages\/36\/revisions\/64"}],"wp:featuredmedia":[{"embeddable":true,"href":"https:\/\/scena.regina-ai.net\/blog\/wp-json\/wp\/v2\/media\/37"}],"wp:attachment":[{"href":"https:\/\/scena.regina-ai.net\/blog\/wp-json\/wp\/v2\/media?parent=36"}],"curies":[{"name":"wp","href":"https:\/\/api.w.org\/{rel}","templated":true}]}}

Nuestro Padre Jesús de la Fe

<p align="justify"><img loading="lazy" decoding="async" class="alignleft size-medium wp-image-37" src="https://scena.regina-ai.net/blog/wp-content/uploads/2026/09/SC7-229x300-1.jpg" alt="SC7" width="229" height="300">A finales de 1985 se presenta el proyecto elaborado por el artista pontanés Francisco Palos Chaparro, en el que se incluyen dibujos de frente, de perfil y de cuerpo entero. La imagen será realizada en madera de cedro, siendo una figura de talla para vestir que representa el momento en el que Jesús bendice el vino: “Tomad y bebed todos de Él, esta es mi sangre…”, razón por la cual aparece portando un cáliz en su mano derecha. El 11 de abril de 1987, sábado de pasión, tendrá lugar la bendición de la imagen de Nuestro Padre Jesús de la Fe, durante la celebración de la primera función solemne celebrada en su honor.</p>
<p>El acto estará presidido por el Obispo de la Diócesis monseñor Infantes Florido, actuando como padrinos los Hermanos de la Cruz Blanca y el Consejo Diocesano de la Adoración Nocturna. Esta organización aprovechara el acto para imponer la medalla de Primera Adoradora a María Santísima de la Esperanza del Valle, distinción que le había concedido el Consejo Nacional de la Adoración Nocturna pues, como ha quedado apuntado, nuestra Hermandad nace del seno de un grupo de miembros de este movimiento seglar, siendo la primera corporación penitencial de Córdoba que contó con turno propio.</p>
<p align="justify">En la actualidad, esta imagen se encuentra cedida a la Parroquia de Nuestra Señora de la Encarnación de Santa Eufemia (Córdoba), según acuerdo del Cabildo General de Hermanos de carácter Extraordinario, celebrado el día dos de diciembre de 2.001. El 10 de febrero de 2.002 tenía lugar el acto de entrega de la imagen, siendo recibida con vivas muestras de alegría por esta población serrana.</p>
<p align="justify"><img loading="lazy" decoding="async" class="alignright size-medium wp-image-38" src="https://scena.regina-ai.net/blog/wp-content/uploads/2026/09/SC8-243x300-1.jpg" alt="SC8" width="243" height="300">Han pasado nueve años desde la fundación y cinco desde la incorporación de la imagen de Nuestro Padre Jesús de la Fe al incipiente patrimonio de la Hermandad. En estos momentos es hermano mayor Antonio Prieto Cid, y la Junta de Gobierno va a dar un giro copernicano a la cuestión del misterio de la Cena. Al no ser posible seguir contando con el concurso de Palos Chaparro, se contrata el 23 de mayo de 1992 se celebra un cabildo extraordinario en el que se decide buscar un nuevo imaginero que acepte el encargo del apostolado, recayendo la elección en el joven artista cordobés Miguel Ángel González Jurado. Al conocer lo que pretendían los hermanos, el escultor les planteó la conveniencia de que fuese un proyecto global, en el que se incluyesen los apóstoles y Cristo para que la unidad de acción y la carga dramática necesarias en la concepción de un paso de misterio se pudieran lograr con las máximas garantías. El artista presentó a la hermandad varios bocetos y dibujos que resultaron muy satisfactorios. En junta general extraordinaria de 14 de junio de 1992 se acordó encargar al imaginero la ejecución de todo el grupo, incluida la figura del Señor. La nueva imagen será bendecida el 24 de abril de 1993 en ceremonia concelebrada por don Miguel Castillejo, don Santiago Gómez, nuevo párroco de la Trinidad, y fray Ricardo de Córdoba, hermano fundador de nuestra Hermandad. Como homenaje a monseñor don Antonio Gómez Aguilar, quien había fallecido unos meses antes, el cáliz que Cristo porta en sus manos es una reproducción del que usaba el querido y llorado Don Antonio.</p>
<p><img loading="lazy" decoding="async" class="alignleft size-medium wp-image-36" src="https://scena.regina-ai.net/blog/wp-content/uploads/2026/09/15-225x300-1.jpg" alt="15" width="225" height="300">La imagen de Nuestro Padre Jesús de la Fe es una talla de vestir, esculpida de cuerpo completo, realizada en madera de cedro. Representa el momento en el que Cristo, puesto de pie sostiene el cáliz con ambas manos en el momento de convertir el vino en su preciosa sangre. Para resaltar la trascendencia y el dramatismo del instante, la imagen dirige la mirada hacia el frente, con el entrecejo levemente fruncido y la boca entreabierta. La barba, bien trabajada y el cabello, partido al medio y cayendo por la espalda, constituyen algunos de los rasgos más significativos de esta hermosa imagen, que ponen de manifiesto la calidad de su autor. Como afirma María Dolores Díaz Vaquero «Tanto en ésta como en otras representaciones de Cristo, salidas de las gubias de este maestro, se aprecia el conocimiento que tiene de los grandes imagineros del seiscientos, pero adobado con sus propias características, singularmente la elegancia, la serenidad y la capacidad expresiva» . La imagen viste túnica de color marfil ajustada a la cintura por un grueso cordón de hilo de oro y mantolín de terciopelo color burdeos. Luce potencias de plata dorada, con ancha cartela de aires barrocos en la base y rayos biselados y torneados desiguales y alternantes; como ya ha quedado apuntado, el cáliz que lleva el Cristo es una reproducción del que perteneció al párroco y gran impulsor de la Hermandad don Antonio Gómez Aguilar.</p>

<p>A finales de 1985 se presenta el proyecto elaborado por el artista pontanés Francisco Palos Chaparro, en el que se incluyen dibujos de frente, de perfil y de cuerpo entero. &#8230;</p>
