{"id":41,"date":"2026-09-01T00:17:28","date_gmt":"2026-08-31T22:17:28","guid":{"rendered":"https:\/\/scena.regina-ai.net\/blog\/?page_id=41"},"modified":"2026-09-01T00:17:28","modified_gmt":"2026-08-31T22:17:28","slug":"maria-santisima-de-la-esperanza-del-valle","status":"publish","type":"page","link":"https:\/\/scena.regina-ai.net\/blog\/maria-santisima-de-la-esperanza-del-valle\/","title":{"rendered":"Mar\u00eda Sant\u00edsima de la Esperanza del Valle"},"content":{"rendered":"<p>Al igual que ocurrir\u00e1 con la imagen de Nuestro Padre Jes\u00fas de la Fe, dos han sido las tallas que, bajo la advocaci\u00f3n de Mar\u00eda Sant\u00edsima de la Esperanza del Valle. Entorno a la primitiva imagen de Nuestra Se\u00f1ora se forma el grupo fundacional de nuestra corporaci\u00f3n penitencial. Seg\u00fan consta en el primera Libro de Anales de la Hermandad, \u201calgunos hermanos conoc\u00edan la existencia de una talla de Virgen, de candelero, atribuida al c\u00edrculo del Escultor insigne Juan de Astorga, que se encontraba en la casa del Sr. D. Antonio Fern\u00e1ndez \u2013prestigioso fot\u00f3grafo conocido como \u201cFern\u00e1n\u201d-, en la ciudad de Sevilla\u00bb. <\/p>\n<p>Por mediaci\u00f3n de Fray Ricardo de C\u00f3rdoba se establecieron las oportunas conversaciones para adquirir dicha talla, las cuales resultaron positivas, y el d\u00eda 12 de noviembre de 1983 llegaba a C\u00f3rdoba, acompa\u00f1ada de un grupo de hermanos, que la recibieron bajo la advocaci\u00f3n de Mar\u00eda Sant\u00edsima de la Esperanza del Valle. En acci\u00f3n de gracias, el domingo 30 de noviembre se celebraba una misa en casa de Antonio L\u00f3pez Raya, que ser\u00eda oficiada por Fray Ricardo de C\u00f3rdoba. Para esta ocasi\u00f3n la hermandad del C\u00edster prest\u00f3 los enseres necesarios para formar el altar de cultos, as\u00ed como las vestiduras que luci\u00f3 Mar\u00eda Sant\u00edsima de la Esperanza del Valle. <\/p>\n<p>La talla ser\u00eda bendecida el 12 de mayo de 1985, imponi\u00e9ndole su corona un a\u00f1o despu\u00e9s, el 18 de mayo de 1986, domingo de Pentecost\u00e9s. Desde el punto de vista art\u00edstico Mar\u00eda Sant\u00edsima de la Esperanza del Valle es una Dolorosa an\u00f3nima que inicialmente fue relacionada con el c\u00edrculo de Juan de Astorga, aunque ciertos detalles estil\u00edsticos y estructurales nos hablan claramente de una talla de la segunda mitad del XX. <\/p>\n<div class=\"wp-block-image\">\n<figure class=\"aligncenter size-large is-resized\"><img loading=\"lazy\" decoding=\"async\" src=\"https:\/\/scena.regina-ai.net\/blog\/wp-content\/uploads\/2026\/09\/1993-12_Cultos-Virgen-02.jpg\" alt=\"\" class=\"wp-image-1306\" width=\"371\" height=\"531\"><\/figure>\n<\/div>\n<p>Actualmente se encuentra cedida a la Parroquia de Nuestra Se\u00f1ora de la Encarnaci\u00f3n de Santa Eufemia (C\u00f3rdoba), donde qued\u00f3 depositada en el transcurso de un solemne oficio religioso, con fecha 10 de febrero de 2.002, seg\u00fan acuerdo del Cabildo General de Hermanos de car\u00e1cter Extraordinario, celebrado el d\u00eda 2 de diciembre de 2.001. <\/p>\n<p>La imagen actual de nuestra Sagrada Titular es obra del imaginero cordob\u00e9s, Miguel \u00c1ngel Gonz\u00e1lez Jurado, realizada en 2001 a instancias de un grupo de hermanos, liderado por Antonio Prieto Cid, que deciden donar la nueva talla. Esta imagen es de las de candelero, de las denominadas \u201cde vestir\u201d, esto es con talla, encarnadura y policrom\u00eda s\u00f3lo en cabeza y manos. Su altura es de 166 cent\u00edmetros y presenta la cabeza ligeramente inclinada hacia la izquierda y hacia adelante. Tiene los ojos muy oscuros y ligeramente entornados. La tez es oscura en manos y cara, mientras que la cabellera, de color negro, est\u00e1 peinada con raya en medio y recogida formando un mo\u00f1o ligeramente ca\u00eddo. <\/p>\n<p>Mar\u00eda Sant\u00edsima de la Esperanza del Valle es realizada por Gonz\u00e1lez Jurado, y probablemente una de las mejores de su producci\u00f3n art\u00edstica, en la que ha sabido infundir con maestr\u00eda una expresi\u00f3n en la que se mezclan la sublime serenidad del semblante de quien, desde su concepci\u00f3n, estuvo libre de pecado por haber sido elegida para albergar en su Seno al Redentor del mundo; con el profundo dolor de la madre que acepta resignadamente el fatal destino de su Hijo, lo que aparece reflejado por las tres l\u00e1grimas que surcan sus mejillas. Tal combinaci\u00f3n de serenidad y profundo recogimiento invita a los fieles a la reflexi\u00f3n pausada y silenciosa, a la oraci\u00f3n y a la interiorizaci\u00f3n de los sagrados misterios de la salvaci\u00f3n. <\/p>\n<p>Su incorporaci\u00f3n a la Hermandad y Cofrad\u00eda, como Imagen Titular de la misma, fue aprobada por el Cabildo General de Hermanos de fecha 2 de Diciembre de 2.001, siendo bendecida el 18 de Diciembre de 2.001 por nuestro consiliario el reverendo padre Don Tom\u00e1s Pajuelo Romero, en la Parroquia de Beato \u00c1lvaro de C\u00f3rdoba, donde en estas fechas ya estaba erigida can\u00f3nicamente la Hermandad.<\/p>\n<div class=\"wp-block-image\">\n<figure class=\"aligncenter size-large is-resized\"><img loading=\"lazy\" decoding=\"async\" src=\"https:\/\/scena.regina-ai.net\/blog\/wp-content\/uploads\/2026\/09\/47683665_2182784111982012_607794600312045568_o-682x1024-1.jpg\" alt=\"\" class=\"wp-image-1232\" width=\"397\" height=\"596\"><\/figure>\n<\/div>\n","protected":false},"excerpt":{"rendered":"<p>Al igual que ocurrir\u00e1 con la imagen de Nuestro Padre Jes\u00fas de la Fe, dos han sido las tallas que, bajo la advocaci\u00f3n de Mar\u00eda Sant\u00edsima de la Esperanza del &#8230;<\/p>\n","protected":false},"author":0,"featured_media":42,"parent":0,"menu_order":0,"comment_status":"closed","ping_status":"closed","template":"","meta":{"footnotes":""},"class_list":["post-41","page","type-page","status-publish","has-post-thumbnail","hentry"],"_links":{"self":[{"href":"https:\/\/scena.regina-ai.net\/blog\/wp-json\/wp\/v2\/pages\/41","targetHints":{"allow":["GET"]}}],"collection":[{"href":"https:\/\/scena.regina-ai.net\/blog\/wp-json\/wp\/v2\/pages"}],"about":[{"href":"https:\/\/scena.regina-ai.net\/blog\/wp-json\/wp\/v2\/types\/page"}],"replies":[{"embeddable":true,"href":"https:\/\/scena.regina-ai.net\/blog\/wp-json\/wp\/v2\/comments?post=41"}],"version-history":[{"count":3,"href":"https:\/\/scena.regina-ai.net\/blog\/wp-json\/wp\/v2\/pages\/41\/revisions"}],"predecessor-version":[{"id":66,"href":"https:\/\/scena.regina-ai.net\/blog\/wp-json\/wp\/v2\/pages\/41\/revisions\/66"}],"wp:featuredmedia":[{"embeddable":true,"href":"https:\/\/scena.regina-ai.net\/blog\/wp-json\/wp\/v2\/media\/42"}],"wp:attachment":[{"href":"https:\/\/scena.regina-ai.net\/blog\/wp-json\/wp\/v2\/media?parent=41"}],"curies":[{"name":"wp","href":"https:\/\/api.w.org\/{rel}","templated":true}]}}

María Santísima de la Esperanza del Valle

<p>Al igual que ocurrirá con la imagen de Nuestro Padre Jesús de la Fe, dos han sido las tallas que, bajo la advocación de María Santísima de la Esperanza del Valle. Entorno a la primitiva imagen de Nuestra Señora se forma el grupo fundacional de nuestra corporación penitencial. Según consta en el primera Libro de Anales de la Hermandad, “algunos hermanos conocían la existencia de una talla de Virgen, de candelero, atribuida al círculo del Escultor insigne Juan de Astorga, que se encontraba en la casa del Sr. D. Antonio Fernández –prestigioso fotógrafo conocido como “Fernán”-, en la ciudad de Sevilla». </p>
<p>Por mediación de Fray Ricardo de Córdoba se establecieron las oportunas conversaciones para adquirir dicha talla, las cuales resultaron positivas, y el día 12 de noviembre de 1983 llegaba a Córdoba, acompañada de un grupo de hermanos, que la recibieron bajo la advocación de María Santísima de la Esperanza del Valle. En acción de gracias, el domingo 30 de noviembre se celebraba una misa en casa de Antonio López Raya, que sería oficiada por Fray Ricardo de Córdoba. Para esta ocasión la hermandad del Císter prestó los enseres necesarios para formar el altar de cultos, así como las vestiduras que lució María Santísima de la Esperanza del Valle. </p>
<p>La talla sería bendecida el 12 de mayo de 1985, imponiéndole su corona un año después, el 18 de mayo de 1986, domingo de Pentecostés. Desde el punto de vista artístico María Santísima de la Esperanza del Valle es una Dolorosa anónima que inicialmente fue relacionada con el círculo de Juan de Astorga, aunque ciertos detalles estilísticos y estructurales nos hablan claramente de una talla de la segunda mitad del XX. </p>
<div class="wp-block-image">
<figure class="aligncenter size-large is-resized"><img loading="lazy" decoding="async" src="https://scena.regina-ai.net/blog/wp-content/uploads/2026/09/1993-12_Cultos-Virgen-02.jpg" alt="" class="wp-image-1306" width="371" height="531"></figure>
</div>
<p>Actualmente se encuentra cedida a la Parroquia de Nuestra Señora de la Encarnación de Santa Eufemia (Córdoba), donde quedó depositada en el transcurso de un solemne oficio religioso, con fecha 10 de febrero de 2.002, según acuerdo del Cabildo General de Hermanos de carácter Extraordinario, celebrado el día 2 de diciembre de 2.001. </p>
<p>La imagen actual de nuestra Sagrada Titular es obra del imaginero cordobés, Miguel Ángel González Jurado, realizada en 2001 a instancias de un grupo de hermanos, liderado por Antonio Prieto Cid, que deciden donar la nueva talla. Esta imagen es de las de candelero, de las denominadas “de vestir”, esto es con talla, encarnadura y policromía sólo en cabeza y manos. Su altura es de 166 centímetros y presenta la cabeza ligeramente inclinada hacia la izquierda y hacia adelante. Tiene los ojos muy oscuros y ligeramente entornados. La tez es oscura en manos y cara, mientras que la cabellera, de color negro, está peinada con raya en medio y recogida formando un moño ligeramente caído. </p>
<p>María Santísima de la Esperanza del Valle es realizada por González Jurado, y probablemente una de las mejores de su producción artística, en la que ha sabido infundir con maestría una expresión en la que se mezclan la sublime serenidad del semblante de quien, desde su concepción, estuvo libre de pecado por haber sido elegida para albergar en su Seno al Redentor del mundo; con el profundo dolor de la madre que acepta resignadamente el fatal destino de su Hijo, lo que aparece reflejado por las tres lágrimas que surcan sus mejillas. Tal combinación de serenidad y profundo recogimiento invita a los fieles a la reflexión pausada y silenciosa, a la oración y a la interiorización de los sagrados misterios de la salvación. </p>
<p>Su incorporación a la Hermandad y Cofradía, como Imagen Titular de la misma, fue aprobada por el Cabildo General de Hermanos de fecha 2 de Diciembre de 2.001, siendo bendecida el 18 de Diciembre de 2.001 por nuestro consiliario el reverendo padre Don Tomás Pajuelo Romero, en la Parroquia de Beato Álvaro de Córdoba, donde en estas fechas ya estaba erigida canónicamente la Hermandad.</p>
<div class="wp-block-image">
<figure class="aligncenter size-large is-resized"><img loading="lazy" decoding="async" src="https://scena.regina-ai.net/blog/wp-content/uploads/2026/09/47683665_2182784111982012_607794600312045568_o-682x1024-1.jpg" alt="" class="wp-image-1232" width="397" height="596"></figure>
</div>

<p>Al igual que ocurrirá con la imagen de Nuestro Padre Jesús de la Fe, dos han sido las tallas que, bajo la advocación de María Santísima de la Esperanza del &#8230;</p>
